 -i = -3*x + 12. Suppose -r + 11 = w, -5*r + 33 = 4*w - x. What is the greatest common divisor of w and 4?
4
Suppose 0 = -5*t + h + 46, -3*t = -21*h + 16*h - 32. Let s be (6/(-9))/(4/(-18)). What is the greatest common divisor of t and s?
3
Let l be 23 - (2 + (-2 - -2)). Suppose -6 = 2*z + 20. Let k = 34 + z. What is the greatest common factor of k and l?
21
Let f = 81 - 40. Suppose -387 = 3*c - 1371. What is the greatest common divisor of c and f?
41
Suppose h - 4*l + 5*l - 32 = 0, -86 = -3*h - 5*l. Let j = h - 16. Calculate the greatest common factor of j and 7.
7
Let i(p) = -31*p - 27. Suppose -3*b - 2*k = 29, 12 = -3*b + 5*k - 10. Let y be i(b). Calculate the greatest common divisor of y and 28.
28
Suppose o = 7*o - 2250. Suppose -6*i + o = -i. Suppose 5*y - 83 = 2*g, y + y - 3*g - 42 = 0. Calculate the highest common factor of i and y.
15
Suppose 0 = -n - 2*n + 24. Let c be 5/10*n + 16. Calculate the highest common factor of c and 5.
5
Let t(v) = -14*v - 28. Let o be t(-26). Calculate the highest common divisor of 48 and o.
48
Suppose -339 - 1481 = -10*b. What is the highest common factor of b and 520?
26
Let o be (-5)/(-15) + 20/3. Suppose -33 - o = -2*x. Suppose 0*f + 160 = 5*f + 5*y, 2*f = -3*y + 66. Calculate the highest common divisor of f and x.
10
Suppose -5*p = -5, 5*p - 33 - 26 = -2*l. What is the greatest common divisor of 1323 and l?
27
Suppose 3*p - 4*p + f - 1 = 0, p + 5*f = -19. Let n = -540 - -541. Let k be n/p - (-292)/16. Calculate the greatest common factor of k and 126.
18
Let y be -11*28/((-7)/7). Calculate the highest common factor of 28 and y.
28
Let m(x) = 4*x**2 - 13*x - 23. Let k be m(-3). Let d = 86 + -8. Calculate the highest common divisor of k and d.
26
Let g(j) = j**2 - 2*j - 2. Let r = 12 + -3. Suppose -p + 8 = -q, 2*p + 4*q + r - 1 = 0. Let w be g(p). Calculate the highest common divisor of 42 and w.
6
Suppose 3*y + 2*y - 65 = 0. Let v = y - -32. Calculate the highest common factor of v and 105.
15
Let a(z) = z**3 + 2*z**2 - 1. Let j = -13 - -12. Let h be a(j). Suppose h = 3*o - o - 36. Calculate the highest common divisor of o and 45.
9
Suppose 5*i - 185 = -5*t, -4*i + 33 = t - 100. What is the greatest common factor of 176 and i?
16
Let y(p) = -p**3 + 11*p**2 - 9*p + 197. Let l be y(11). What is the highest common factor of 343 and l?
49
Suppose -4*y - 230 = s - 6*s, 4*s = -2*y + 210. Suppose 3*q = 2*p - 11 - s, -4*p = -5*q - 119. What is the greatest common divisor of p and 286?
26
Suppose 2336 = 4*s + 256. Calculate the greatest common divisor of 195 and s.
65
Let s = -1463 + 1471. Calculate the highest common divisor of 328 and s.
8
Suppose -2*x - 336 + 1398 = 0. What is the highest common divisor of x and 118?
59
Suppose 188 = 4*o - 308. Suppose -5*g + o - 4 = 0. Suppose 0 = -6*v + 8*v - 120. What is the greatest common divisor of g and v?
12
Suppose -50*m + 384 = 4*s - 54*m, 0 = 3*s - 5*m - 296. What is the highest common factor of s and 391?
23
Let w(u) = 2*u + 1. Let t be w(5). Let h = 29 - t. Calculate the greatest common factor of 144 and h.
18
Let j be (4*6/24)/((-2)/14). Let l = 18 - j. Calculate the greatest common factor of l and 50.
25
Let i(q) = q + 10. Let l be i(16). Let b = 820 + -586. Calculate the highest common divisor of l and b.
26
Suppose -5*p - 981 = -3*t, -4*p + 963 = 3*t - 3*p. What is the greatest common divisor of t and 138?
46
Let o be 11/4 + (-4)/(-18 + 2). Suppose 5*r + 18 + 6 = 2*j, o*r = -4*j + 74. What is the highest common divisor of j and 85?
17
Let t be 475*13/390 - 1/(-6). Calculate the greatest common factor of 88 and t.
8
Let y = 913 - 853. Calculate the highest common factor of 240 and y.
60
Suppose -5657 + 5623 = -m. What is the highest common factor of 2 and m?
2
Let q(o) = 17*o. Let c be q(1). Let v = -201 + 218. What is the greatest common divisor of c and v?
17
Let n = -216 + 242. What is the greatest common factor of n and 13?
13
Let i be 2 - 16/6*3. Let z be (330/77)/(i/(-28)). Let o be 8/((-32)/z + 2). Calculate the greatest common factor of 140 and o.
20
Suppose 23*n - 360 = 20*n. Calculate the highest common factor of n and 72.
24
Let z(c) = 5*c**3 - c**2 - 3*c + 2. Let l be z(2). Suppose 1162 = 4*b - 5*q + 3*q, 2*b - 566 = -2*q. What is the greatest common factor of b and l?
32
Suppose 7*j = 4*j - 3, -5*p - 2*j = -83. Suppose 0*o = 2*o - 272. What is the highest common factor of o and p?
17
Let r(d) = -d + 1. Let c be r(5). Let n be 3*c/(-12) - -26. Let m be 345/n - (-6)/27. What is the greatest common factor of m and 91?
13
Suppose a + 4*a - 45 = 0. Suppose 4*s - 65 = a*s. Let x be 296/104 + (-2)/s. What is the highest common divisor of 3 and x?
3
Let l = 25 - -11. Suppose -v = -0*v - 18. Calculate the highest common divisor of l and v.
18
Let w(r) = 3*r - 1944. Let q be w(0). Let a be 8/14 + (-5)/(140/q). Let p be 2/(-4)*-4 - -26. Calculate the highest common divisor of a and p.
14
Let i = -3 - -8. Suppose -i*w = -2*c + 6*c - 9, 0 = -3*w + 2*c + 1. Let b be 46 + -10 - (-4 + w). What is the highest common divisor of 26 and b?
13
Suppose -6*u + u + 30 = 0. Let d = -2357 + 2361. Calculate the highest common factor of d and u.
2
Let f(r) = 17*r - 10. Let a be f(3). Let q = 58 - a. What is the greatest common divisor of q and 187?
17
Let s be 401/5 + 2/(-10). Let x = 25 + -21. Let l be 14 - (3 + (x - 3)). What is the greatest common factor of s and l?
10
Let u(t) = 14*t + 54. Let o be u(9). What is the highest common factor of 40 and o?
20
Let f be (-7)/(-28)*28 + 20. Calculate the highest common divisor of f and 3.
3
Let v be (3/4)/(-2*1/(-24)). Suppose 76 = v*p - 7*p. Calculate the highest common divisor of 342 and p.
38
Let h be (-9 - -16) + -2 + 2. Calculate the greatest common divisor of h and 119.
7
Let x(f) = -f**2 - 8*f - 5. Let z be x(-6). Let y be ((-156618)/(-1356))/((-3)/(-2)). What is the greatest common factor of z and y?
7
Let p be (1 - 1)*((-44)/8)/(-11). Suppose 3*c = 2*v - 20, -4 = -v + 3*c - p. Calculate the highest common divisor of v and 16.
16
Let r = 2 + 2. Suppose -62 = r*z + 30. Let n = z - -35. Calculate the greatest common divisor of 36 and n.
12
Let o = -332 - -353. Let i(w) = -w**2 + 6*w - 3. Let g be i(4). Suppose -2*f + x + 14 = -0*x, g*f = 3*x + 35. What is the greatest common factor of o and f?
7
Let x(a) = 2*a**2 - a - 3. Suppose 5*r - 4 - 26 = 0. Let d be x(r). Let w be (-530)/16695 + (-5296)/(-126). Calculate the greatest common factor of w and d.
21
Suppose 4*q - 505 + 361 = 0. Let u = 27 + -15. Calculate the highest common factor of q and u.
12
Let c = -1 + 3. Suppose -o = -c*o. Suppose o = t - 4*t + 210. What is the highest common divisor of t and 14?
14
Let t = 230 - 120. Calculate the highest common divisor of t and 80.
10
Suppose 4*u = -y - y - 10, 0 = -2*y + 2*u + 14. Calculate the highest common divisor of 51 and y.
3
Suppose -5*f + 10 = 45. Let m be f*((3 - 2) + 1). Let i = m - -146. Calculate the greatest common divisor of 12 and i.
12
Let q be (68/(-12))/(1/(-3)). Let w = q + -11. Let c(r) = 2*r**3 + 47*r**2 + 66*r + 3. Let n be c(-22). What is the greatest common divisor of w and n?
3
Suppose 28*c = 30*c - 56. Suppose 0 = -3*f - 5*k + 149, -c*k + 1 = -27*k. Calculate the highest common divisor of 24 and f.
24
Let r(t) = -t - 6. Let f be r(-6). Suppose f = -a + 1 + 5. Let m be (3/2)/(a/4). What is the greatest common factor of m and 5?
1
Suppose -r = r + 5*k - 152, 0 = -3*k + 12. Let o be (23 - 1)/((-6)/(-12)). Calculate the greatest common factor of r and o.
22
Let o = 50 - 25. Let c = 40 - 132. Let w = c - -192. What is the highest common factor of w and o?
25
Let c(j) be the third derivative of j**4/4 - 17*j**3/6 - j**2. Suppose -39*f + 24*f + 90 = 0. Let g be c(f). What is the greatest common divisor of g and 152?
19
Let g = 87 + -83. Let b be g/26 - (-1554)/39. What is the greatest common factor of b and 40?
40
Let i = 687 + -690. Let y(b) = -27*b + 1. Let f(x) = -55*x + 2. Let q(g) = -4*f(g) + 9*y(g). Let o be q(i). What is the greatest common divisor of o and 10?
10
Let c = 10 + -6. Suppose -2*a + 15 = 3*r - c, 0 = 3*r - a - 13. Suppose 0 = b + 5, z = r*z + 5*b - 371. What is the highest common factor of z and 11?
11
Suppose -3*i = 3*g - 27, 2*i - 2*g + 12 = 2*g. Suppose -3*m + i*t = -325, -4*t - 2